8581
Let q(h) = 43*h - 193. Let n(z) = -22*z + 95. Let t(u) = -5*n(u) - 2*q(u). List the prime factors of t(28).
11, 53
Let z be 2/(2216/(-276) - -8). List the prime factors of z/(-21) - 3 - (-188)/28.
7
Suppose -22*l + l - 210 = 0. Let p(r) = -r**3 - 6*r**2 - 3*r - 16. What are the prime factors of p(l)?
2, 3, 23
Let v(j) be the third derivative of j**4/4 - 5*j**3/2 - 6*j**2. Let w be v(4). Let z = w - -18. List the prime factors of z.
3
Suppose -91759 = -251*t + 60544 + 43979. What are the prime factors of t?
2, 17, 23
Let n(x) = x**3 - 19*x**2 + 11*x + 18. Let t be n(17). Let q = t + 692. List the prime factors of q.
11, 29
Let z(l) be the second derivative of 44*l**2 + 0 + 1/3*l**3 - 19*l. What are the prime factors of z(0)?
2, 11
Let w(f) = 6282*f**3 + 128*f - 128. What are the prime factors of w(1)?
2, 3, 349
Let i(j) = -j**3 - 89*j**2 - 605*j + 130. List the prime factors of i(-84).
2, 5, 1567
Let b = 258 - 268. List the prime factors of (-482)/b*10/2.
241
Suppose 0 = 6*j + 2587 + 653. Let f = -326 - j. List the prime factors of f.
2, 107
Let m = 70 + -74. List the prime factors of m*(2 + 1 + -89).
2, 43
Let p = -94 - -97. Suppose -p*j = 2*y - 5*y - 1908, 2*y + 2536 = 4*j. Suppose n + k - 3*k - 163 = 0, 4*k = 4*n - j. List the prime factors of n.
3, 17
Let v = -9784 - -17592. List the prime factors of v.
2, 61
Let h = -111 - -113. Let g(q) = -5*q**h + 12*q**2 - 65*q + 63*q + 16*q**2 - 5. What are the prime factors of g(3)?
2, 7
Suppose -162*o + 324*o = 174*o - 409800. List the prime factors of o.
2, 5, 683
Let r(g) = -g**3 + 14*g**2 + 26*g - 16. Let h(u) = -u**3 - u + 3. Let q be h(-2). What are the prime factors of r(q)?
491
Suppose -10238*b + 10225*b + 96590 = 0. List the prime factors of b.
2, 5, 743
Let d be 1105/26*28/(-5). Let l = d - -27. Let n = 364 + l. List the prime factors of n.
3, 17
Let a = 37 + -92. Let n = a - 5. List the prime factors of (1 - -1)/(5/n)*-6.
2, 3
Suppose 0 = -3*d + 4*m + 4, -6*m = -4*d - m + 6. Suppose -4*g = d, 0 = -6*w + 3*w + 5*g + 2570. List the prime factors of w.
3, 5, 19
What are the prime factors of -3 - (-1060 + 9 + 0)?
2, 131
Let f = -1432 - -26719. What are the prime factors of f?
3, 8429
Let x(q) = -9*q - 131. Let t be x(-15). Suppose -4*u - 211 = -j, t*j + u - 822 = 6*u. List the prime factors of j.
7, 29
Let r(z) = -19 + 0 - 7*z - 15*z. What are the prime factors of r(-7)?
3, 5
Let q(p) = 81*p + 240. Suppose -10*k - 26 = -12*k. What are the prime factors of q(k)?
3, 431
List the prime factors of 1369*2/((-18)/(-69)) - (-10)/(-15).
5, 2099
Suppose -3*a = 2*g - 6*g - 36, -4*a = -2*g - 28. Let y be 3*g/9 + 5. Suppose -d + 0*d = 4*s - 22, -6 = y*d. List the prime factors of s.
2, 3
Let n be (10/(-2))/(275/(-165)). Suppose 3*o = -n*z + z + 6171, -o = -3*z - 2046. List the prime factors of o.
3, 5, 137
Let j(u) = 9*u - 68. Let s be j(8). Let x be (102/4)/(11/s - 2). List the prime factors of x/((-6)/3)*-10.
2, 5, 17
Let q = 36982 + -25976. What are the prime factors of q?
2, 5503
Let x be 9/(6/2) - -15. Suppose 6*t + x = -6. Let i = t + 49. What are the prime factors of i?
3, 5
Suppose -4*j = -41*j - 30*j + 3633678. What are the prime factors of j?
2, 3, 23, 131
Let u be (-56)/(-252)*9/2. List the prime factors of (-244640)/(-192) - (u - 15/18).
2, 7, 13
Suppose -5*f + 6*n + 52760 = 0, -32*f + 35*f = 5*n + 31649. What are the prime factors of f?
2, 5279
Let h(t) = 193*t**3 + t**2 + 2*t - 3. Let b be h(3). Suppose 1707 - b = -12*u. What are the prime factors of u?
293
Let a(c) = -12*c**3 + 18*c**2 + 23*c + 69. List the prime factors of a(-9).
2, 3, 839
Suppose -c + l - 199 = -2*l, 0 = 3*c - 5*l + 581. Let p = c + 16. Let j = p + 254. What are the prime factors of j?
83
Let i be -7 + 7 + -1 - -2. What are the prime factors of (156/48)/(i/124)?
13, 31
Let k be ((-3)/(-3 - -2))/(3/(-52)). Let l = k - -53. Let h(o) = 19*o - 2. List the prime factors of h(l).
17
List the prime factors of -4*7214*168/(-96).
2, 7, 3607
Let r be (-15)/(-10)*-4 - -8. Suppose 5*n + r*n - 1680 = 0. List the prime factors of n.
2, 3, 5
Let o = 31320 + -17336. List the prime factors of o.
2, 19, 23
Let a be -2*(-1)/(-1) - (35 + -3058). Suppose -4 = -5*k + 6, 5*p - a = 2*k. List the prime factors of p.
5, 11
Suppose 1045 = 4*h + 117. Suppose 752 - h = 10*x. What are the prime factors of x?
2, 13
Suppose 86*i - 31*i = 449570. What are the prime factors of i?
2, 61, 67
Let d = 52 - 48. Suppose -4*s + 1 = -x - 47, 5*x = d*s - 32. Suppose -u + 102 = -s. What are the prime factors of u?
5, 23
Suppose -58*z = -20*z - 43320. Let k = 77 - 32. Suppose 39*v + z = k*v. List the prime factors of v.
2, 5, 19
Let x(f) = 3*f**3 - 2*f**2 + 19*f + 31. Let a(b) = 2*b**3 - 3*b**2 + 20*b + 30. Let d(u) = 4*a(u) - 3*x(u). What are the prime factors of d(-11)?
379
List the prime factors of -4424*(-2 - (-54)/63).
2, 79
Let f be (-94)/12 - 39/234. List the prime factors of -2 - ((-853 - f) + 7).
2, 11, 19
Suppose 314*q - 3357919 - 5066701 = 0. What are the prime factors of q?
2, 5, 2683
Let j = 396 + -391. Suppose -9*c + 12*c - 2*b = 2407, 0 = j*c + 4*b - 3975. List the prime factors of c.
17, 47
Let y = -478 - -919. Suppose 0 = -4*w + 3*p + 1243 - y, 0 = -3*w - 5*p + 616. Suppose -2*i = -a - a - w, -104 = -i - 2*a. List the prime factors of i.
2, 3, 17
Let i(p) = p + 24. Let h be i(-7). Let f = h + -46. Let t = f - -69. What are the prime factors of t?
2, 5
Suppose o + 17 = -14. Let m = 37 + o. Suppose -2*u + 365 = 3*z, -m*z + 5*u + 502 = -2*z. List the prime factors of z.
3, 41
Let o(i) = -i**3 - 24*i**2 + 15*i + 29. Let b be o(10). Let k = 4597 + b. List the prime factors of k.
2, 43
Let c = -121 + -379. Let b = -337 - c. List the prime factors of b.
163
Let q(h) = -108*h + 97. Let m be q(-7). Suppose k = -3*z + m, 829 = 3*z + k - 6*k. What are the prime factors of z?
283
Let v be 1*3/(-3) - (-12)/4. Suppose 0 = v*z + 6, o = 4*o - 3*z - 474. Suppose 3*a + o = 4*a. What are the prime factors of a?
5, 31
Let v(t) = t**3 - 22*t**2 + 47*t + 138. What are the prime factors of v(29)?
2, 1847
Let f = 15 - -198. Let i = f + -87. What are the prime factors of i?
2, 3, 7
Suppose 0 = 4*b - 7*b - 2*g + 26552, 5*b - 3*g - 44247 = 0. What are the prime factors of b?
2, 3, 5, 59
Suppose 3*d = 5*m - 4285, 2*m - 1376 = d + 339. List the prime factors of (m/(-16) + 0)*-4.
5, 43
Let n(l) = 1337*l - 9452. What are the prime factors of n(24)?
2, 5659
Suppose 6*h + 1412840 = 9*h + 92*h. List the prime factors of h.
2, 11, 13
Suppose 20 = -16*c + 100. List the prime factors of 2/((-1)/((-4228)/(-1 + c))).
2, 7, 151
Let u = 5055 + 2837. List the prime factors of u.
2, 1973
Suppose 16*x = 9773 - 269. Suppose -l - x = -1667. List the prime factors of l.
29, 37
Suppose 15*g - 46052 = 11*g - 3*y, -34585 = -3*g - 8*y. What are the prime factors of g?
37, 311
Let w(v) = 2*v**2 - 5. Let k be w(5). Let y be 5 + (65/(-26) - (-1)/(-2)). Suppose -y*g - g = -k. What are the prime factors of g?
3, 5
Let h(k) = 483*k**2 + 20*k + 61. List the prime factors of h(-12).
173, 401
Let k = -37576 + 68016. What are the prime factors of k?
2, 5, 761
Suppose -49*a = -618040 + 191544. What are the prime factors of a?
2, 17
Suppose -83*g - 269*g + 32024804 = 124*g. What are the prime factors of g?
19, 3541
Suppose 0 = -61*y + 75*y - 126. Let v(t) = t**3 - 4*t**2 + t + 4. List the prime factors of v(y).
2, 11, 19
Let x(z) = z**3 + 43*z**2 + 33*z + 101. Let s be x(-42). Suppose j - s - 433 = 0. List the prime factors of j.
2, 3, 19
Let q(o) = 182*o**2 - 226*o - 1400. List the prime factors of q(-6).
2, 1627
Let i(q) = 3*q + 13. Let y(h) = -2*h - 7. Let d(f) = -6*i(f) - 13*y(f). Suppose 17*n - 10*n - 70 = 0. What are the prime factors of d(n)?
3, 31
Let o(v) = v**3 + 14*v**2 + 103*v - 17. What are the prime factors of o(10)?
3413
Suppose 134*h = 53*h + 72*h + 385497. What are the prime factors of h?
7, 29, 211
Suppose 0 = -5*o - 4*h + 2175, 4*h + 1147 = 4*o - 629. Let k = o - 246. What are the prime factors of k?
193
Suppose 3*r + 17*q = 20*q + 54645, 0 = 4*r - q - 72884. What are the prime factors of r?
18223
Suppose 4*j = 2 + 2, -4*f + 3*j = -997. Let b(s) = 2*s**3 - 20*s**2 + 19*s + 1. Let i be b(9). Suppose i*x = 9*x + f. List the prime factors of x.
2, 5
Suppose 19240 = -6*z + 4654. Let a = 